rime number?
True
Is 5214531017 a composite number?
False
Is 7801226507 prime?
True
Is 113926418093 a composite number?
False
Is 1058819231 prime?
True
Is 710121337 a prime number?
True
Is 1785126829 a composite number?
True
Is 51642757343 a composite number?
False
Is 213843305831 a prime number?
False
Is 14303554222 a prime number?
False
Is 25860723277 prime?
True
Is 11998609655 a prime number?
False
Is 115346900041 composite?
True
Is 2983359517 a composite number?
False
Is 2039731921 composite?
False
Is 179387293 prime?
True
Is 235939391 prime?
True
Is 127694524319 composite?
True
Is 8677693169 a composite number?
False
Is 3873124987 prime?
False
Is 62669380561 a prime number?
False
Is 37034916571 a composite number?
False
Is 288345331 prime?
False
Is 651082596091 composite?
True
Is 370562989 a composite number?
True
Is 4009365287 a composite number?
False
Is 3598618139 prime?
False
Is 252640411 prime?
False
Is 619124087 composite?
False
Is 2632671487 a composite number?
False
Is 173358271 prime?
False
Is 9798683 a prime number?
False
Is 25003127 composite?
True
Is 565134566 a composite number?
True
Is 4225609079 a composite number?
False
Is 1189233449 a composite number?
False
Is 6348394829 composite?
True
Is 2392132997 prime?
True
Is 132884333 prime?
True
Is 4078245053 prime?
True
Is 12467385713 a composite number?
False
Is 1247901721 composite?
True
Is 7863609359 a composite number?
True
Is 1715051389 a prime number?
False
Is 755027249 composite?
False
Is 12819437 prime?
False
Is 123219959 prime?
False
Is 535317091 a prime number?
False
Is 1717298645 prime?
False
Is 381880817 a composite number?
False
Is 594604177 prime?
True
Is 5631035797 a prime number?
False
Is 241332887 prime?
True
Is 40232988977 a composite number?
False
Is 1282371281 a prime number?
False
Is 330109313 prime?
True
Is 125475643 composite?
False
Is 1122114349 a composite number?
False
Is 598196609 a composite number?
False
Is 4562823131 a composite number?
True
Is 3862088887 prime?
True
Is 537068867 a prime number?
True
Is 3179892307 composite?
True
Is 1660578461 composite?
False
Is 2304717187 composite?
True
Is 500231077 a composite number?
False
Is 14639040557 a prime number?
False
Is 4075993331 a prime number?
False
Is 199029419 a prime number?
False
Is 16249648858 prime?
False
Is 2348539 composite?
False
Is 21911302573 composite?
False
Is 2664363467 prime?
True
Is 1150503817 prime?
True
Is 4041635149 a prime number?
True
Is 19575175141 a composite number?
True
Is 3928669517 a prime number?
False
Is 21515241149 composite?
False
Is 55132795 a composite number?
True
Is 26950665347 prime?
True
Is 378224971 prime?
True
Is 26355799969 a composite number?
False
Is 2771465831 a composite number?
False
Is 1241797093 prime?
True
Is 1168710731 a composite number?
False
Is 3155548646 a prime number?
False
Is 1489114223 composite?
True
Is 1069463261 a prime number?
True
Is 7950796091 a prime number?
False
Is 385530287 a composite number?
False
Is 4056933253 composite?
False
Is 24223902133 a composite number?
True
Is 1332099259 composite?
False
Is 49364922989 prime?
True
Is 176221723 a prime number?
True
Is 1696908197 a prime number?
True
Is 2837541019 a composite number?
False
Is 26284202761 a composite number?
False
Is 1847687057 a composite number?
True
Is 1263890783 composite?
False
Is 8141429279 a prime number?
True
Is 8351285927 a composite number?
True
Is 2161868011 a prime number?
True
Is 7023865731 a composite number?
True
Is 105921887 a prime number?
True
Is 9516393947 prime?
True
Is 6190476029 a composite number?
False
Is 32742839 composite?
True
Is 216673187 composite?
True
Is 1639579009 prime?
False
Is 32450165717 composite?
True
Is 970399921 composite?
True
Is 90127255681 composite?
False
Is 1592379743 composite?
False
Is 18421788019 a prime number?
True
Is 70870683727 a prime number?
True
Is 218620351 a prime number?
False
Is 28353022549 prime?
True
Is 650561837 composite?
False
Is 241969103 composite?
True
Is 249068747 a prime number?
False
Is 8961662014 a composite number?
True
Is 1521402157 a composite number?
True
Is 24520526641 composite?
True
Is 1188043762 composite?
True
Is 6849598529 composite?
False
Is 65020469 a prime number?
True
Is 48708421459 a prime number?
True
Is 3995458937 prime?
False
Is 16107328727 composite?
True
Is 5587019173 a composite number?
True
Is 93954978913 a composite number?
False
Is 24781492913 prime?
True
Is 5609292891 a composite number?
True
Is 12694238707 composite?
True
Is 12544005043 composite?
False
Is 568343177 a prime number?
True
Is 3493466719 a composite number?
True
Is 272545522 prime?
False
Is 29825513521 a prime number?
True
Is 570551441 prime?
True
Is 72150452999 a composite number?
False
Is 561656611 composite?
True
Is 11623604557 prime?
True
Is 11765555587 prime?
True
Is 3835307915 prime?
False
Is 9339934159 prime?
False
Is 19739481221 prime?
True
Is 73219967 composite?
False
Is 2899547341 a prime number?
False
Is 1835852429 a composite number?
False
Is 20854441207 a prime number?
True
Is 171441779 a prime number?
True
Is 397296077 a composite number?
False
Is 248045962199 composite?
True
Is 994099507 a composite number?
False
Is 12273058977 prime?
False
Is 747962749 prime?
True
Is 9665113451 composite?
True
Is 10304226241 composite?
False
Is 3116402449 composite?
True
Is 32206469173 a composite number?
True
Is 2926389586 a composite number?
True
Is 27070331249 composite?
True
Is 1699793453 prime?
False
Is 15394358977 a prime number?
False
Is 19143119 a composite number?
True
Is 602455289 a composite number?
True
Is 5515067711 composite?
False
Is 1578701629 prime?
False
Is 2942064809 composite?
True
Is 6290339039 prime?
True
Is 15610895939 a composite number?
False
Is 24972204901 composite?
True
Is 2701558483 composite?
True
Is 2269703203 prime?
True
Is 1219032977 composite?
True
Is 114718554067 a prime number?
False
Is 177011399 prime?
True
Is 24298075391 prime?
False
Is 47397430123 composite?
True
Is 57222419 composite?
False
Is 750295651 a composite number?
True
Is 4422484189 composite?
False
Is 1258010357 a composite number?
False
Is 2771411689 prime?
False
Is 657072461 prime?
True
Is 9462520681 a composite number?
False
Is 1978142363 composite?
False
Is 61267241879 prime?
True
Is 7273780219 a prime number?
True
Is 8878562807 composite?
False
Is 2746663753 composite?
False
Is 25156141427 composite?
True
Is 226868639 prime?
False
Is 436824482 composite?
True
Is 18382138343 a composite number?
False
Is 153425594503 composite?
False
Is 19136595329 a prime number?
True
Is 6203271701 a prime number?
False
Is 171725003117 a composite number?
True
Is 5286227087 composite?
False
Is 6743624047 prime?
False
Is 139795682857 a composite number?
True
Is 348649853 composite?
True
Is 23437693445 composite?
True
Is 4894817813 a prime number?
True
Is 1041934771 composite?
False
Is 9095382623 prime?
False
Is 427203937 composite?
False
Is 9117957011 prime?
False
Is 81375483751 a composite number?
False
Is 5626462901 a composite number?
False
Is 1588953851 a prime number?
True
Is 4669048117 composite?
False
Is 290718997 prime?
False
Is 109863122 a composite number?
True
Is 2401251563 composite?
True
Is 30620509273 composite?
False
Is 1045885627 a prime number?
True
Is 85297135511 a prime number?
False
Is 38937314699 a prime number?
True
Is 1118957869 prime?
True
Is 18214726643 prime?
False
Is 517904441 composite?
False
Is 24377047759 a prime number?
False
Is 19851310163 a composite number?
False
Is 4032597589 a prime number?
False
Is 651659357 a prime number?
True
Is 1861590469 prime?
False
Is 2236948829 prime?
True
Is 1026498139 prime?
True
Is 949350643 composite?
False
Is 121557263 prime?
True
Is 462677971 composite?
True
Is 1400328169 a prime number?
True
Is 5271682021 composite?
False
Is 8562409403 a prime number?
True
Is 1364229067 a composite number?
True
Is 4124193671 a prime number?
False
Is 28800663253 a prime number?
True
Is 85443540041 composite?
False
Is 22688576591 composite?
False
Is 59859739 prime?
False
Is 727009441 composite?
True
Is 277101193 composite?
True
Is 26849694269 a composite number?
True
Is 2587779713 a composite number?
False
Is 5723814209 prime?
True
Is 671851 a composite number?
False
Is 36915088